n base 7, what is -43 - -1266406?
1266333
In base 16, what is -38ee - 399?
-3c87
In base 12, what is 5b - 310b1b?
-310a80
In base 2, what is -111100000001100001111 + -11?
-111100000001100010010
In base 5, what is -314 + 1331021423?
1331021104
In base 13, what is -b8821 - 45?
-b8866
In base 9, what is 781 - -10632?
11523
In base 3, what is 21002200 + 211210000?
1002212200
In base 6, what is -10115 - -104003?
53444
In base 10, what is 111 + 10052?
10163
In base 14, what is 49bc3 - -b64?
4a947
In base 16, what is 4 + a0e963?
a0e967
In base 3, what is -111020020110 - -2?
-111020020101
In base 15, what is 0 - -386a91?
386a91
In base 9, what is -6 + 38338385?
38338378
In base 15, what is b34 + 204e9?
2112d
In base 14, what is -5544cc0 + -1?
-5544cc1
In base 9, what is 543 + 617467?
618121
In base 12, what is -97 + -63497?
-63572
In base 3, what is 11200002002001 - 11?
11200002001220
In base 14, what is 3 + 40614c0?
40614c3
In base 14, what is -4 - -486c5d?
486c59
In base 2, what is -10 + -11100001000011101000?
-11100001000011101010
In base 2, what is 100011001000000110 + 101?
100011001000001011
In base 5, what is 12320 + 1004211?
1022031
In base 14, what is 1b57 + -3244?
-14cb
In base 10, what is 449 + -176231?
-175782
In base 11, what is -1939a703 - -3?
-1939a700
In base 13, what is -62a - -8161?
7834
In base 15, what is -5 + 1a4d2?
1a4cc
In base 16, what is -52b + 59443?
58f18
In base 13, what is 75 - 25286?
-25211
In base 5, what is 20342440212 - 10?
20342440202
In base 8, what is -16322151 + -11?
-16322162
In base 8, what is -20637 + -13773?
-34632
In base 11, what is -221a740 + 6?
-221a735
In base 16, what is -f7 - -11e8?
10f1
In base 6, what is -50325055 - 23?
-50325122
In base 16, what is -bd571 + -e9?
-bd65a
In base 11, what is -1792a226a - 2?
-1792a2271
In base 7, what is -101131462 - 16?
-101131511
In base 15, what is -43 - -1cb03?
1cab0
In base 9, what is 413 - 241755?
-241342
In base 10, what is -128 + -1766226?
-1766354
In base 14, what is -26ba93 - -4?
-26ba8d
In base 4, what is -2 + -100022221001301?
-100022221001303
In base 4, what is 0 + -11221101233?
-11221101233
In base 8, what is 1030301 + -3373?
1024706
In base 4, what is 0 + -10203022212003?
-10203022212003
In base 5, what is -4 + -230212443340?
-230212443344
In base 10, what is 6118 - 475?
5643
In base 16, what is 3478 + 177?
35ef
In base 9, what is -11163 - -62827?
51654
In base 5, what is -34314021 + 2423?
-34311043
In base 15, what is 15 + a4932e?
a49344
In base 2, what is 11110 - 11101110001000011110101?
-11101110001000011010111
In base 5, what is -33321 - 2332434?
-2421310
In base 7, what is 10 - 102621410?
-102621400
In base 9, what is -431 + 305631?
305200
In base 4, what is -101130 + 220002?
112212
In base 8, what is -5 + 11142117?
11142112
In base 7, what is -1514204 + -45?
-1514252
In base 9, what is 47566388 - -1?
47566400
In base 11, what is 36a81145 - 4?
36a81141
In base 4, what is 23220 - -3111023?
3200303
In base 14, what is 628 - -3317?
3941
In base 3, what is 1201221011211212 + 12?
1201221011212001
In base 10, what is 12015703 - 58?
12015645
In base 11, what is 193aa - -a33?
1a332
In base 7, what is -132345356 - -36?
-132345320
In base 4, what is -21132113011303 + 11?
-21132113011232
In base 6, what is 2 - 23154540144?
-23154540142
In base 9, what is -117132 + 40?
-117082
In base 16, what is -1d14911 - -7?
-1d1490a
In base 7, what is -1512536 - -40?
-1512466
In base 3, what is -12022012 + 12110211202?
12021112120
In base 9, what is 35317 - -12028?
47346
In base 4, what is -101130132203 - -10?
-101130132133
In base 5, what is -3432424430 - 23?
-3432430003
In base 10, what is -49 + -198555?
-198604
In base 4, what is 213121211 + -2?
213121203
In base 3, what is 211 - 111001211000102?
-111001210222121
In base 13, what is 7b08 + -32?
7aa6
In base 16, what is -1 + 1c9b251?
1c9b250
In base 14, what is -12 - -ab0917c?
ab0916a
In base 14, what is 4078 + 528?
45a2
In base 2, what is -1000010 - -1111100100011100010000?
1111100100011011001110
In base 6, what is -4112250 - -25?
-4112221
In base 9, what is -2734036 - 1?
-2734037
In base 14, what is 475ba + -a2?
47518
In base 13, what is -128a2004 - -5?
-128a1ccc
In base 11, what is -6 - 808703?
-808709
In base 2, what is -100 - -11100111110111111000100100?
11100111110111111000100000
In base 13, what is -1 + -2a339cb?
-2a339cc
In base 16, what is -492c10 - -5?
-492c0b
In base 14, what is 0 - -acca62d?
acca62d
In base 10, what is 49683737 - -4?
49683741
In base 5, what is 1044043223 + -3?
1044043220
In base 16, what is d92ef60 + 2?
d92ef62
In base 13, what is b934c16 + 3?
b934c19
In base 5, what is -10110332122 - -2?
-10110332120
In base 6, what is 2452004 - 1225?
2450335
In base 14, what is -101d - -1685?
666
In base 11, what is -267981 + -2?
-267983
In base 4, what is 1202023110 + -1320?
1202021130
In base 6, what is 43230 - 124?
43102
In base 3, what is -11 - 200102121122?
-200102121210
In base 14, what is 334119 - 9?
334110
In base 14, what is 3 + -1379cd55?
-1379cd52
In base 12, what is 7713 + 83?
7796
In base 8, what is 223706564 + 14?
223706600
In base 6, what is 5 - 13320534?
-13320525
In base 13, what is 30 + 2bb41?
2bb71
In base 13, what is 61 + 42520?
42581
In base 3, what is 1202 - -2111002021010?
2111002022212
In base 6, what is 204235 + 4420?
213055
In base 6, what is 1233 - 3130415?
-3125142
In base 7, what is -512231 + -1560?
-514121
In base 7, what is -24324 - -2516?
-21505
In base 14, what is 213 - -bb11?
bd24
In base 3, what is 211201211022 + -120?
211201210202
In base 12, what is 0 - 23b7902?
-23b7902
In base 4, what is -232 + -21211112201?
-21211113033
In base 14, what is -320 + -b277?
-b597
In base 5, what is -1441 + 130300?
123304
In base 13, what is -109 - -9b8005?
9b7bc9
In base 15, what is 83b2 - 2d?
8384
In base 6, what is 130014315031 - -1?
130014315032
In base 7, what is -206006 - 114660?
-323666
In base 16, what is 9a5 + a93d?
b2e2
In base 5, what is 22043210 + 134?
22043344
In base 15, what is 2a3 + 45de?
4892
In base 3, what is 10 - -11002012102210?
11002012102220
In base 12, what is -238a1216 - -2?
-238a1214
In base 2, what is -1101100110 + 1001100100110011?
1001010111001101
In base 7, what is -1554 - -163324?
161440
In base 2, what is 111 + 100010100011011111101110?
100010100011011111110101
In base 6, what is -1301052514 + -5?
-1301052523
In base 3, what is 121 + 1120101221112?
1120101222010
In base 5, what is -24401 + 21413?
-2433
In base 15, what is -2a + 1a6d0?
1a6a5
In base 4, what is 22311232300030 + 2?
22311232300032
In base 5, what is -1410030 - 341113?
-2301143
In base 9, what is 14361 - -2418?
16780
In base 8, what is -20217657 - -4?
-20217653
In base 16, what is 3 - -6b0dd?
6b0e0
In base 7, what is -44 - 15405421?
-15405465
In base 9, what is 506453 - 22?
506431
In base 13, what is 562191b1 - -4?
562191b5
In base 9, what is -27140613 + 14?
-27140588
In base 15, what is -16b + -17595?
-17711
In base 8, what is 4 + 57402177?
57402203
In base 9, what is 474825460 - 3?
474825456
In base 3, what is 120002110200 - -1202221?
120011020121
In base 7, what is 46 + -154514354?
-154514305
In base 2, what is -1 + 101001000000100110010011?
101001000000100110010010
In base 6, what is -22545340 + 21?
-22545315
In base 11, what is -292 - 3950?
-4132
In base 8, what is -133 + -3122603?
-3122736
In base 11, what is -1a06 + -1222?
-3128
In base 9, what is -1163 - 174066?
-175240
In base 4, what is 11201 + -2032223321?
-2032212120
In base 7, what is 310604 + -625?
306646
In base 3, what is -22211020102112 - 10122?
-22211020120011
In base 7, what is 214021 - 4145?
206543
In base 5, what is -412 + 2123421324?
2123420412
In base 6, what is -1210022351 + -133?
-1210022524
In base 3, what is -101 - -11200201222200?
11200201222022
In base 5, what is 10 - -4411012011?
4411012021
In base 9, what is 608 + 62614?
63323
In base 2, what is -10101100110 + 1110101110001001?
1110011000100011
In base 5, what is 134020242001 + -1?
134020242000
In base 10, what is 563502 - -6?
563508
In base 15, what is 112 - 12121?
-1200e
In base 8, what is 4007 + 13047?
17056
In base 11, what is 237135 + 4a?
237184
In base 11, what is 34750523 - -3?
34750526
In base 14, what is -11d9 - -2206?
100b
In base 16, what is -6f - -a770?